 - 5. What is the units digit of b?
0
Let y = 28 - 1. Suppose -4*n - y = 5*d - 95, -d = n - 14. What is the tens digit of (-100)/8*d/(-15)?
1
Suppose x + 0*g + 3*g - 55 = 0, -5*g = 2*x - 107. Suppose 5*h + v = -45, -5*v - 18 - 31 = 3*h. What is the units digit of (-2)/h + x/8?
6
Let o be ((-1)/(-2))/((-1)/20). Let b(t) = t**2 + 11*t + 12. What is the units digit of b(o)?
2
Let b = 471 - 271. What is the tens digit of b?
0
Let s = 36 + -26. Suppose -5*w + s = -30. What is the units digit of w?
8
Suppose 2*x - 2*d - 43 = 5, 0 = 4*d - 20. What is the tens digit of x?
2
Let p(h) = 51*h. Let w(k) = -k**3 + 5*k**2 + 1. Let m be w(5). Let q be p(m). Suppose -q = -4*x + 9. What is the units digit of x?
5
Let a = 5 + -3. Suppose -a*x - 9 = -3*x. What is the units digit of x?
9
What is the tens digit of ((-132)/(-30))/(1*2/40)?
8
Suppose -4*r = 4*o - 80, 3*r + 64 = 8*r - 4*o. What is the units digit of r?
6
Let o be 50/2 - 1*-2. Let f be -2*o/(-6)*1. Suppose 3*q + f = 0, -g + q + 4*q = -16. What is the units digit of g?
1
Suppose -4*a + 31 - 7 = 0. Let s be 21/a*20/2. Suppose -5*x - 2*c + s = 0, 4*x + 0*c + 4*c - 28 = 0. What is the units digit of x?
7
Suppose -3 = 2*v + 3, 48 = 3*p - 2*v. What is the tens digit of p?
1
Suppose -4*x - 2*k = x - 16, 5 = -5*x + 5*k. Let d(v) = 1 + 4 + 2*v**x - v - 2*v - 1. What is the tens digit of d(3)?
1
Let j be 1*(3 + (-2)/1). Let d be -53 + 1 + j + 2. What is the units digit of (-2)/7 + (-308)/d?
6
Let i(u) be the second derivative of u**3/6 + 9*u**2/2 + u. Let j be i(-6). Suppose p + 2 = -j*q - 1, 5*p - 17 = q. What is the units digit of p?
3
Let m = -3 + 3. Let q = m - -11. What is the tens digit of q?
1
Let d(l) = -l**3 + l**2 + 3*l + 3. Let u be d(-2). What is the tens digit of 2/u + (-588)/(-27)?
2
Suppose -9*g + 109 = -8*g. What is the tens digit of g?
0
Let j(g) = 3*g - 8. Suppose 0 = 2*q - 6*q - 4*r + 24, q - 6 = r. What is the tens digit of j(q)?
1
Suppose -27 = -m - 9. What is the tens digit of m?
1
Let c(n) = -9*n - 5. Let b(w) = 8*w + 4. Let p(k) = -6*b(k) - 5*c(k). Let a = -3 + 1. What is the units digit of p(a)?
7
Let r(k) = -2*k - 9. Let s be r(-7). Let m = s + -4. What is the units digit of m?
1
Let q(g) = g**3 + 6*g**2 + 5. Let d be q(-6). Suppose 0 = 5*y + d*s + 30, -3*s + 5*s - 12 = 2*y. What is the units digit of 7 + 2/(4/y)?
4
Suppose -5*g = 0, -8*g + 525 = 5*y - 9*g. What is the hundreds digit of y?
1
Suppose -2*f = -5*z - 140, -z = -4*z. Suppose -2*n = 3*n - f. What is the units digit of n?
4
Let p(c) = -4*c**2 + 2*c - 1. Let g be p(1). Let m(k) = 2*k**2 - 2. Let v be m(3). What is the units digit of 1*v/(-6)*g?
8
Suppose 6*t = 7*t - 208. What is the tens digit of t?
0
Suppose 2*v + 5*j - 23 - 2 = 0, j - 5 = -4*v. Suppose 0 = 5*u - v*u - 50. What is the tens digit of u?
1
Suppose -17 = -4*r + 159. What is the units digit of r?
4
Let c be (0 - (-2 - -3))*7. Let s be 2*(3 - 5/2). What is the units digit of 0 + (s - 2) - c?
6
Suppose 68*m - 65*m - 102 = 0. What is the tens digit of m?
3
Suppose 0 = 4*s - 94 - 22. What is the units digit of s?
9
Let t be 3 + 1 + (9 - 9). Suppose -7 + 1 = 2*f + t*n, 0 = f + n - 1. What is the units digit of f?
5
Let a = 31 - 7. What is the units digit of a?
4
Let b(d) = d**3 + 10*d**2 + 9*d + 3. Suppose 4*z + 45 - 9 = 0. What is the units digit of b(z)?
3
Suppose 5*z + 3*b + 0*b - 728 = 0, -5*z - 5*b = -720. What is the units digit of z?
8
Let z be (4 + 8)/(4/14). Let u be 16/6*z/8. Suppose -u = 3*s - 5*s. What is the units digit of s?
7
Suppose -3*u + a = -95, a = -6*u + 2*u + 122. Let m = 21 - u. What is the units digit of 10/(-4)*8/m?
2
Let m(y) = -y**3 - 4*y**2 - y + 3. Let c be m(-3). What is the units digit of (-27)/(0 + c)*1?
9
Let t(l) = 2*l - 1. Let i be t(4). Let h be (-6)/2 - -1*5. Suppose p - i = h. What is the units digit of p?
9
Let x be (-10)/(-4)*8/10. Suppose x*s = s - 8. What is the units digit of 3/((-14)/s - 1)?
4
Suppose -3*n = n - 4. Let b(v) = -2 + v + 1 + 2*v**2 + 2*v**3 - v**2. What is the units digit of b(n)?
3
Let a = 44 + -26. What is the units digit of a?
8
What is the units digit of ((-24)/15)/(8/(-100))?
0
Let d be 2/(-5) + (-234)/15. Let i = -11 - d. What is the units digit of i?
5
Let h be 4/(-3)*(-12)/(-8). Suppose 0 = 5*g + 2*l + 2*l - 13, 2*g - l = 13. Let o = g + h. What is the units digit of o?
3
Suppose 16 = -0*n - 4*n. Let a be (-2)/n + (-186)/(-12). Let b = 26 - a. What is the units digit of b?
0
Let j = -2 + 2. Suppose -5*a + j*a = -25. Suppose -a*v - 9 = -44. What is the units digit of v?
7
What is the units digit of ((-35)/10 + 2)*-34?
1
Suppose 0 = 3*w + w + 5*s - 220, -4*w - 3*s = -212. What is the units digit of (-98)/(-5)*w/20?
9
Let j be 6/27 - 209/9. Let f = -14 - j. What is the units digit of f?
9
Let l(p) = p**2 + p. Let i(j) = 6*j**2 + 8*j - 3. Let g(c) = i(c) - 5*l(c). Let u be (14 - (-2 - -6))/(-2). What is the units digit of g(u)?
7
Let h be 0 + 1 - -1*2. Suppose h*v - 36 = 9. What is the units digit of v?
5
Let l(o) = -3*o + 3. Let f be l(-7). Suppose 4*y - 5*q - f = 0, -4*q = 3*y - 3*q + 1. Let d(z) = 13*z**3 + 1. What is the tens digit of d(y)?
1
Let r = 2 + 2. Suppose -r*h - 9 = -2*t - 51, h = -5*t + 16. What is the units digit of h?
1
Suppose 11*f - 7*f - 400 = 0. What is the units digit of f?
0
Let s = 395 + -113. What is the hundreds digit of s?
2
Let x(i) = 4*i**2 - 2*i - 1. What is the tens digit of x(3)?
2
Suppose -53 = -3*f - 2*c, -c - 3*c + 61 = 3*f. Let y = f - 10. Suppose -3*j + 0*j + a = -16, 0 = y*j - a - 28. What is the units digit of j?
6
Let n = 6 - 3. Suppose -x - n*x = -72. What is the tens digit of x?
1
Suppose -j - 3*l = 6, -j + 5*l + 18 = -0*l. Suppose y + 24 = j*y. What is the tens digit of y?
1
Let i = 1 + -5. Let z = 1 - i. What is the units digit of z?
5
Suppose 12*j - 26 = -j. What is the units digit of j?
2
Suppose 12*i - 744 = 10*i. What is the units digit of i?
2
Let t(b) = 7*b. Let j be t(1). Let l(k) = k**2 - 4*k + 3. What is the units digit of l(j)?
4
Suppose w - 4 = -1, 0 = o + 5*w - 14. Let h = o + 3. Suppose 5*j = s + 65, j - 2*s = -h*j + 46. What is the units digit of j?
2
Let h = 6 - 4. Suppose -h*o + 0*o = -8. What is the units digit of o?
4
Let g(y) = y**3 - 4*y**2 + 4*y - 1. Let i be g(3). Let s = i + 1. What is the units digit of s?
3
Let r = -284 - -467. What is the tens digit of r?
8
What is the units digit of (-74)/(-26) + (-6)/(-39)?
3
Let j be (0 + -1)*(2 - 2). Let t(v) = -2*v + 4 - 2 + j*v. What is the units digit of t(-3)?
8
Let w = -9 + 10. What is the units digit of -1 - w*(-13 - 0)?
2
Suppose -4*g = y + 18, -3*y - 2*g - 22 = 2. Let w(a) = a. Let u be w(y). What is the units digit of (u/9)/((-2)/15)?
5
Suppose -3*g + 2*g + 30 = 3*j, 4*g = 12. What is the units digit of j?
9
Let d = 0 + 2. Suppose -2*y + 0*v = -5*v - 25, 4*v + 24 = d*y. What is the units digit of y?
0
Suppose 227 = 4*f + 2*m - m, -f - 2*m + 55 = 0. What is the tens digit of f?
5
Let b = 97 + -54. What is the tens digit of b?
4
Suppose -5*p + 113 + 227 = 0. What is the units digit of p?
8
Let x(r) = -7*r + 4. What is the tens digit of x(-4)?
3
Let r(y) = -y**2 - 7*y + 3. Let w be r(-6). Let l = 4 - w. What is the units digit of -2 - (-2 - l/(-1))?
5
Let x be -1*(-2 + -4)/(-2). Let b = x + 6. Suppose -3*c = -2*r - 17, 3*c + r = -b*r + 47. What is the units digit of c?
9
Let i be (-26)/(-10) + 2/5. Suppose -2*o - 2 = -i*o. What is the units digit of ((-1)/o)/((-3)/36)?
6
Let q be 4/1 - (-4 - -5). Suppose -l - f = -2*f - 7, -q*f = 4*l - 49. What is the tens digit of l?
1
Let p be -1 + -1 + 22/2. Suppose -1 = -5*x + p. Suppose -32 = x*o - 4*o - 5*t, 0 = -5*o - 3*t + 61. What is the units digit of o?
1
Let c be -3 + (0 + 6)*6/(-12). Let k(u) be the first derivative of u**3/3 + 5*u**2/2 + 2*u - 1. What is the units digit of k(c)?
8
Let y(z) = -z**2 - z. Let x(h) = 5*h**2 + 5. Let c(l) = x(l) + 6*y(l). Let i(b) = -b**3 - 4*b**2 + 3. Let w be i(-3). What is the units digit of c(w)?
5
Suppose 0 = -3*b - 4*h - 3 + 109, b - 4*h - 62 = 0. Let c be b/2*6/9. Suppose -y - c = -2*q + 3, -46 = -4*q - 2*y. What is the units digit of q?
0
Let c(q) be the third derivative of -q**6/120 + q**4/24 - 2*q**2. Let o be c(-1). Suppose o = 3*g - 6 - 12. What is the units digit of g?
6
Suppose -5*n - 70 = -5*k, 6*n - 